 + 1. Let n be p(3). What is m(n)?
4
Let d(u) = u**3 + 6*u**2 + 3*u + 7. Suppose -2*l + l - 16 = 0. Let i = 10 + l. Calculate d(i).
-11
Let a(p) = p - 5 - 2 + 3. Let l be 37/4 - 9/(-12). Suppose -2*n = -l - 0. Give a(n).
1
Let p(r) = -2*r - 4. Let w(t) = -t + 6. Let s be w(4). Suppose 31 = -5*k - 4*j - 4, -7 = -k + s*j. What is p(k)?
2
Let q(c) = 18*c. Suppose -4 + 8 = -4*z. What is q(z)?
-18
Let w(m) = -m**3 + 7*m**2 - 8*m + 7. Let i = 43 + -38. What is w(i)?
17
Let x(y) = -y**3 + 8*y**2 + 10*y - 3. Let q = 45 - 36. Determine x(q).
6
Suppose 2*a - 5*t + 17 = 0, a = -3*t + 4*t - 1. Suppose a*k - x = 11, 2*k = k - x - 1. Let f(o) = 3*o**k + 5*o - 5*o**2 + 3*o**2 + 6. Give f(-4).
2
Let g(s) be the first derivative of -2*s**3/3 - 7*s**2/2 - 25. Calculate g(-5).
-15
Let v(l) = 3*l - 1. Suppose -2*g = 6 - 14. Determine v(g).
11
Let q(d) = -d + 6. Let w be q(3). Let b(j) be the first derivative of -6*j + 1/2*j**2 + 1. Determine b(w).
-3
Let k(u) = 1. Let z(h) = -10. Let a(c) = 35*k(c) + 4*z(c). Let n(o) = -o + 11. Let j(x) = -9*a(x) - 4*n(x). Give j(-1).
-3
Let s(a) be the third derivative of 7/6*a**3 + 0*a + 2*a**2 + 1/120*a**6 + 0*a**5 - 1/24*a**4 + 0. What is s(0)?
7
Let g(j) be the third derivative of -j**6/360 - j**5/24 - j**3/3 - 2*j**2. Let c(k) be the first derivative of g(k). Determine c(-4).
4
Suppose a = -2*a + 6. Let i(w) = -1 - a + 1 - 2*w + 4. Determine i(2).
-2
Let d be (4/(-3))/(8/(-12)). Let w(b) = -b + 10. Let l be w(7). Let v(i) = 4*i**2 + 1 + 0*i**2 - 3*i**d + l*i - i. Calculate v(-2).
1
Let z(a) = -a**3 - a**2 - 1. Let m(p) = -4*p**3 - 7*p**2 - 4*p - 4. Let q(j) = m(j) - 5*z(j). Calculate q(3).
-2
Let p(s) = -s**3 + 7*s**2 - 7*s. Suppose -u + 18 = 2*u. What is p(u)?
-6
Suppose -4*j - 12 - 40 = 0. Let m = -18 - j. Let d(q) = q + 4. Calculate d(m).
-1
Let t(m) = -m**2 - 10*m - 8. Let l = -64 + 57. Determine t(l).
13
Let t(j) = 3*j**2 + 14*j + 9. Let g(m) = m**2 + 5*m + 3. Let w(o) = 17*g(o) - 6*t(o). Suppose 0 = -0*i + 2*i - 6. Give w(i).
-9
Let z(h) = h + 0 + 1 - 4. Suppose 4*l + l - 20 = 0. Suppose 18 = 2*v - l*s, 3*v + 0 = 3*s + 18. What is z(v)?
0
Suppose g + 10 = 5. Let w(o) = 15*o + 14. Let m(i) = -7*i - 7. Let n(c) = 13*m(c) + 6*w(c). What is n(g)?
-2
Let m(l) be the first derivative of 2 + 1/3*l**3 + 3/2*l**2 + 2*l. Let b(x) = x**2 + 5*x - 2. Let g be b(-5). Calculate m(g).
0
Let l(p) = p + 2. Let d be -3 - (-11 + 2 - -2). Let m = 10 - 7. Suppose m*n - d*n = 0. Give l(n).
2
Suppose 8*z - 30 = 3*z. Suppose 2*g = -5*c - z + 2, 20 = -4*c + 4*g. Let q(f) = -f**3 - 3*f**2 - 2*f - 2. Determine q(c).
-2
Let m(x) = -4*x**3 + 2*x**2 + 3*x - 5. Let o(z) = -z**3 + z**2 + z - 2. Let t(r) = 2*m(r) - 7*o(r). Calculate t(-3).
7
Let u(p) = p**3 - p**2 - 4. Let v = -13 - -6. Let i = v - -7. Give u(i).
-4
Let f be 2 + (-2 - -1) + 2. Let a(z) = f*z**2 - 3*z**2 - 6*z + z**2 + 4. Suppose v - 9 = 4*g - 2*g, -2*g + 11 = 3*v. Determine a(v).
-1
Let t(y) be the first derivative of -y**4/4 + 4*y**3/3 + 3*y**2 - 4*y + 3. Determine t(5).
1
Let i be -1 - (46/(-2) + 1). Suppose 7*g - 2*g - 50 = 4*m, -g + 3*m = -i. Let r(k) = k**3 + 0 - 5*k**2 - 30*k + 23*k + 1. Give r(g).
-5
Let k(x) = 4 - 458*x - x**3 + 4*x**2 - 2*x**2 + 461*x. Suppose 0 = -5*v + 3*d + 6, v + 3 = -0*v + 2*d. Determine k(v).
4
Let c(f) be the first derivative of -f**3/6 - 2*f**2 - 3*f - 1. Let y(s) be the first derivative of c(s). What is y(-6)?
2
Let b(q) = -q**2 + 6*q - 1. Let j = 19 + -13. Determine b(j).
-1
Let h(x) = x**2 + 4*x - 13. Let p(k) = k**2 + 4*k - 11. Let m(r) = 2*h(r) - 3*p(r). Determine m(-8).
-25
Let o(d) = 2*d + 17. Let l be o(-8). Let b(m) = 2*m**3 - 2*m + 1. Give b(l).
1
Let a(i) be the first derivative of -i**4/4 + 2*i**3 - 2*i**2 - 2*i + 30. Determine a(5).
3
Suppose -4*t + 8 = -3*t. Let j(c) = c**3 - 7*c**2 - 9*c + 4. Let i be j(t). Let z(u) = -u. Determine z(i).
4
Suppose 5 = b + 6. Let a(m) be the second derivative of -m**5/20 + m**4/12 - m**2/2 + 3*m. Give a(b).
1
Let x(r) = r**2 - 3*r - 1. Let g(z) = z**2 - 4*z - 2. Let d(s) = -6*g(s) + 7*x(s). What is d(-4)?
9
Suppose -4*m - m - 10 = 0. Let i be (-1)/m + (-9)/6. Let z(p) = -6*p**2 + 2*p + 1. What is z(i)?
-7
Let t(k) be the third derivative of k**5/60 - k**4/3 - k**3/3 + 22*k**2. Give t(9).
7
Let g(t) = -2*t**2 + t - 1. Let p = -4 + -6. Let b(l) = l + 13. Let j be b(p). Suppose -j*c + 2*m + 2 = 8, 5*m + 8 = -4*c. Give g(c).
-11
Let q(c) be the second derivative of -c**5/20 - 5*c**4/12 - 2*c**3/3 - 5*c**2/2 - 5*c. Calculate q(-4).
-5
Let a(d) = -d**2 - 5*d + 1. Let t = -10 - -6. Let l(x) = x**3 + 8*x**2 + 10*x + 13. Let c be l(-7). Let o = c - t. Calculate a(o).
5
Let h(d) be the second derivative of d**8/3360 + d**7/1260 + d**6/360 - d**5/120 - 5*d**4/12 + 5*d. Let b(o) be the third derivative of h(o). What is b(-2)?
-13
Let h(w) = -w + 1. Let t(o) = -o**3 - 4*o**2 - 4*o - 2. Let b be t(-3). Give h(b).
0
Let k(l) = -l**3 - 3*l**2 - 2*l - 3. Let c = -10 + 16. Let i = -2 + c. Suppose w - i*w = 9. Give k(w).
3
Suppose 5*m - 14 = 1. Let z(r) be the third derivative of 0*r + 1/12*r**4 + 1/6*r**3 + 0 - m*r**2. Determine z(-1).
-1
Let a(t) be the third derivative of -5*t**4/24 - t**2. Suppose 8 = 11*d - 15*d. Calculate a(d).
10
Let b(d) = -d**2 + d + 1. Let c(t) = -14*t**2 + 7*t + 5. Let o(m) = -6*b(m) + c(m). Give o(1).
-8
Let x(a) = -12*a - a - 5 + 3 + 5. Let d(f) = -20*f + 4. Let q(h) = 5*d(h) - 7*x(h). What is q(-1)?
8
Suppose 3*t - z - 2*z = 3, -5*z + 3 = -t. Let g(q) = -3*q + 5*q - 5*q + t*q. Determine g(5).
-5
Let k = 19 - 13. Let g be k*(1/2 - 1). Let d = g + 1. Let l(v) = -v + 2. Calculate l(d).
4
Let f(s) = -3*s**3 - 6*s**2 - s - 6. Let t(y) = -3*y + 5*y**2 - 2 + 3*y - 7*y**2 - y**3. Let a(m) = 3*f(m) - 8*t(m). What is a(-2)?
4
Let l(a) be the first derivative of -a**2/2 + 8*a - 4. Suppose 14 = s + 5*o - 11, o = 5*s - 21. What is l(s)?
3
Let q(p) be the first derivative of -p**3/3 + 7*p**2/2 - 2*p + 15. Calculate q(5).
8
Suppose 3 = -2*t + 3*t. Let j(f) = 2*f - 3. What is j(t)?
3
Let g(h) = -h**2 + 5*h + 7. Let k be g(6). Suppose 0 = j + k - 0. Let p(t) be the first derivative of -t**3/3 + t - 1. Determine p(j).
0
Let v(j) = -4*j**3 - 7*j**2 + 4*j + 3. Let y(s) = 11*s**3 + 21*s**2 - 11*s - 9. Let h(p) = -8*v(p) - 3*y(p). Determine h(-7).
-4
Let p(w) = -w + 2. Let q be p(4). Let o(k) = 9*k + 1. What is o(q)?
-17
Let i(y) = -y**2 - 3*y + 2. Suppose 1 = -b - 2. What is i(b)?
2
Suppose -4*r = -2*r. Let b(v) = -2*v + v + r + 3. Determine b(3).
0
Suppose 0 = -2*z + z - 4*v + 6, -1 = -3*z + 5*v. Let m(a) = -z - 3*a**2 + 1 + 2. Determine m(-2).
-11
Let u(y) be the second derivative of 0 - 1/2*y**3 + 7/2*y**2 + y. Determine u(6).
-11
Let b(i) = -i**3 + 5*i**2 - 2*i + 4. Let x be b(4). Suppose 3*d - d = x. Let c(a) = 4*a - 2*a + 1 + 5*a - d*a. Give c(-3).
-2
Let w(j) = j**2 + 2*j + 1. Let f be w(-3). Let p(s) be the second derivative of 0 - 1/3*s**3 + s + 5/2*s**2. Calculate p(f).
-3
Let y be (-1)/((-1)/(-3 - -2)). Let o(v) = -2*v**3. Let d(m) = -m**3. Let u(j) = 8*d(j) - 5*o(j). Calculate u(y).
-2
Suppose v + 2*a - 1 - 1 = 0, 5*v + 3*a = 10. Let c = v - 8. Let p(s) = s**2 + 8*s + 3. What is p(c)?
-9
Let p(n) = n - 2. Suppose -2*d + 15 = 5*l - d, 0 = 4*l - 3*d - 31. Determine p(l).
2
Let o(d) = -d**2 + 8*d - 7. Let x = -9 + 7. Let u(t) = -2*t + 2. Let f be u(x). What is o(f)?
5
Let m(d) be the first derivative of d**2 - 7*d + 1. Let g be m(5). Let t be ((-15)/g)/(1 + 0). Let k(w) = -w**3 - 4*w**2 + 5*w + 2. Give k(t).
2
Let t(a) = 15*a**2 + 21*a + 4. Let r(j) = j**2 + 8*j - 6. Let y be r(-7). Let q(p) = -7*p**2 - 10*p - 2. Let m(v) = y*q(v) - 6*t(v). Determine m(-4).
2
Let h(u) = 3*u**2 - 2*u + 3. Let n = -7 + 9. Calculate h(n).
11
Suppose -u + 5 = 3. Let c be (2 - 6/3) + u. Suppose c*a = -0*o - 4*o - 26, -a - o - 9 = 0. Let n(d) = 2*d + 7. Calculate n(a).
-3
Let a(d) = d**3 + 4*d**2 - 6*d + 2. Let x be a(-5). Suppose 0 = k + 2*k + 6. Let z = x + k. Let f(g) = g**3 - 4*g**2 - 7*g + 6. Give f(z).
-4
Let i(x) = x - 1. Let d = -128 - -137. Determine i(d).
8
Suppose -9*p - 10 = -4*p. Let i(j) = 10*j - 1. Give i(p).
-21
Let g(j) = 2*j + 3. Let q(o) = -o**2 - 3*o + 66. Let s be q(7). Calculate g(s).
-5
Let t(j) = 2031*j**2 + 3*j**3 - 2030*j**2 + 2 + 0 - 2*j**3. What is t(0)?
2
Let y = 20 - 17. Let g(d) = d**2 - 4*d